{"id":67,"date":"2017-01-18T14:52:40","date_gmt":"2017-01-18T14:52:40","guid":{"rendered":"http:\/\/abogadoscalipensiones.com\/abcp\/?page_id=67"},"modified":"2017-02-12T19:55:43","modified_gmt":"2017-02-13T00:55:43","slug":"la-empresa","status":"publish","type":"page","link":"https:\/\/abogadoscalipensiones.com\/abcp\/la-empresa\/","title":{"rendered":"La Empresa"},"content":{"rendered":"<h2>Mision:<\/h2>\n<p>Somos una empresa de profesionales en el derecho orientada a satisfacer las necesidades de la comunidad\u00a0 en general\u00a0 en el \u00e1rea de\u00a0 los servicios jur\u00eddicos.<\/p>\n<p>Dirigimos\u00a0 nuestros objetivos al suministro de un servicio \u00e1gil, oportuno y humano, proporcionando herramientas\u00a0 que impulsen la justicia\u00a0 como sustrato\u00a0 fundamental de paz, permaneciendo comprometidos con el progreso\u00a0 econ\u00f3mico y social de nuestro pa\u00eds.<\/p>\n<h2>Vision:<\/h2>\n<p>Ser reconocidos como una empresa din\u00e1mica e id\u00f3nea, diferente en el ejercicio de las actividades extrajur\u00eddicas y jur\u00eddica.<\/p>\n<p>Obramos\u00a0 con transparencia, \u00e9tica y rectitud en todos nuestros actos; respetamos la ley y otorgamos\u00a0 cabal cumplimiento\u00a0 a nuestras obligaciones; cumplimos\u00a0 una funci\u00f3n social y depositamos toda\u00a0 nuestra fe en el derecho como mejor instrumento para la convivencia\u00a0 humana.<\/p>\n<p>\t\t\t\t<img decoding=\"async\" src=\"http:\/\/abogadoscalipensiones.com\/abcp\/wp-content\/uploads\/2017\/01\/frank-rodriguez-150x150.jpg\" alt=\"frank-rodriguez\" itemprop=\"image\"  \/><br \/>\n\t\t\t\t<img decoding=\"async\" src=\"http:\/\/abogadoscalipensiones.com\/abcp\/wp-content\/uploads\/2017\/01\/orientacionjuridicaprofesional-2-150x150.jpg\" alt=\"orientacionjuridicaprofesional-2\" itemprop=\"image\"  \/><br \/>\n\t\t\t\t<img decoding=\"async\" src=\"http:\/\/abogadoscalipensiones.com\/abcp\/wp-content\/uploads\/2017\/01\/orientacionjuridicaprofesional-150x150.jpg\" alt=\"Abogados calipensiones - Orientacion juridica\" itemprop=\"image\"  \/><br \/>\n\t\t\t\t<img decoding=\"async\" src=\"http:\/\/abogadoscalipensiones.com\/abcp\/wp-content\/uploads\/2017\/01\/orientacionjuridicaprofesional-3-150x150.jpg\" alt=\"orientacionjuridicaprofesional-3\" itemprop=\"image\"  \/><\/p>\n","protected":false},"excerpt":{"rendered":"<p>Mision: Somos una empresa de profesionales en el derecho orientada a satisfacer las necesidades de la comunidad\u00a0 en general\u00a0 en el \u00e1rea de\u00a0 los servicios jur\u00eddicos. Dirigimos\u00a0 nuestros objetivos al suministro de un servicio \u00e1gil, oportuno y humano, proporcionando herramientas\u00a0 que impulsen la justicia\u00a0 como sustrato\u00a0 fundamental de paz, permaneciendo comprometidos con el progreso\u00a0 econ\u00f3mico &hellip;<\/p>\n","protected":false},"author":1,"featured_media":0,"parent":0,"menu_order":0,"comment_status":"closed","ping_status":"closed","template":"pagina-contenidos.php","meta":{"footnotes":""},"class_list":["post-67","page","type-page","status-publish","hentry"],"yoast_head":"<!-- This site is optimized with the Yoast SEO plugin v27.4 - https:\/\/yoast.com\/product\/yoast-seo-wordpress\/ -->\n<title>La Empresa - Abogados Cali Pensiones<\/title>\n<meta name=\"robots\" content=\"index, follow, max-snippet:-1, max-image-preview:large, max-video-preview:-1\" \/>\n<link rel=\"canonical\" href=\"https:\/\/abogadoscalipensiones.com\/abcp\/la-empresa\/\" \/>\n<meta property=\"og:locale\" content=\"es_ES\" \/>\n<meta property=\"og:type\" content=\"article\" \/>\n<meta property=\"og:title\" content=\"La Empresa - Abogados Cali Pensiones\" \/>\n<meta property=\"og:description\" content=\"Mision: Somos una empresa de profesionales en el derecho orientada a satisfacer las necesidades de la comunidad\u00a0 en general\u00a0 en el \u00e1rea de\u00a0 los servicios jur\u00eddicos. Dirigimos\u00a0 nuestros objetivos al suministro de un servicio \u00e1gil, oportuno y humano, proporcionando herramientas\u00a0 que impulsen la justicia\u00a0 como sustrato\u00a0 fundamental de paz, permaneciendo comprometidos con el progreso\u00a0 econ\u00f3mico &hellip;\" \/>\n<meta property=\"og:url\" content=\"https:\/\/abogadoscalipensiones.com\/abcp\/la-empresa\/\" \/>\n<meta property=\"og:site_name\" content=\"Abogados Cali Pensiones\" \/>\n<meta property=\"article:modified_time\" content=\"2017-02-13T00:55:43+00:00\" \/>\n<meta property=\"og:image\" content=\"http:\/\/abogadoscalipensiones.com\/abcp\/wp-content\/uploads\/2017\/01\/frank-rodriguez-150x150.jpg\" \/>\n<meta name=\"twitter:card\" content=\"summary_large_image\" \/>\n<meta name=\"twitter:label1\" content=\"Tiempo de lectura\" \/>\n\t<meta name=\"twitter:data1\" content=\"1 minuto\" \/>\n<script type=\"application\/ld+json\" class=\"yoast-schema-graph\">{\"@context\":\"https:\\\/\\\/schema.org\",\"@graph\":[{\"@type\":\"WebPage\",\"@id\":\"https:\\\/\\\/abogadoscalipensiones.com\\\/abcp\\\/la-empresa\\\/\",\"url\":\"https:\\\/\\\/abogadoscalipensiones.com\\\/abcp\\\/la-empresa\\\/\",\"name\":\"La Empresa - Abogados Cali Pensiones\",\"isPartOf\":{\"@id\":\"https:\\\/\\\/abogadoscalipensiones.com\\\/abcp\\\/#website\"},\"primaryImageOfPage\":{\"@id\":\"https:\\\/\\\/abogadoscalipensiones.com\\\/abcp\\\/la-empresa\\\/#primaryimage\"},\"image\":{\"@id\":\"https:\\\/\\\/abogadoscalipensiones.com\\\/abcp\\\/la-empresa\\\/#primaryimage\"},\"thumbnailUrl\":\"http:\\\/\\\/abogadoscalipensiones.com\\\/abcp\\\/wp-content\\\/uploads\\\/2017\\\/01\\\/frank-rodriguez-150x150.jpg\",\"datePublished\":\"2017-01-18T14:52:40+00:00\",\"dateModified\":\"2017-02-13T00:55:43+00:00\",\"breadcrumb\":{\"@id\":\"https:\\\/\\\/abogadoscalipensiones.com\\\/abcp\\\/la-empresa\\\/#breadcrumb\"},\"inLanguage\":\"es\",\"potentialAction\":[{\"@type\":\"ReadAction\",\"target\":[\"https:\\\/\\\/abogadoscalipensiones.com\\\/abcp\\\/la-empresa\\\/\"]}]},{\"@type\":\"ImageObject\",\"inLanguage\":\"es\",\"@id\":\"https:\\\/\\\/abogadoscalipensiones.com\\\/abcp\\\/la-empresa\\\/#primaryimage\",\"url\":\"https:\\\/\\\/abogadoscalipensiones.com\\\/abcp\\\/wp-content\\\/uploads\\\/2017\\\/01\\\/frank-rodriguez.jpg\",\"contentUrl\":\"https:\\\/\\\/abogadoscalipensiones.com\\\/abcp\\\/wp-content\\\/uploads\\\/2017\\\/01\\\/frank-rodriguez.jpg\",\"width\":622,\"height\":622},{\"@type\":\"BreadcrumbList\",\"@id\":\"https:\\\/\\\/abogadoscalipensiones.com\\\/abcp\\\/la-empresa\\\/#breadcrumb\",\"itemListElement\":[{\"@type\":\"ListItem\",\"position\":1,\"name\":\"Portada\",\"item\":\"https:\\\/\\\/abogadoscalipensiones.com\\\/abcp\\\/\"},{\"@type\":\"ListItem\",\"position\":2,\"name\":\"La Empresa\"}]},{\"@type\":\"WebSite\",\"@id\":\"https:\\\/\\\/abogadoscalipensiones.com\\\/abcp\\\/#website\",\"url\":\"https:\\\/\\\/abogadoscalipensiones.com\\\/abcp\\\/\",\"name\":\"Abogados Cali Pensiones\",\"description\":\"Especialistas en pensiones\",\"publisher\":{\"@id\":\"https:\\\/\\\/abogadoscalipensiones.com\\\/abcp\\\/#organization\"},\"potentialAction\":[{\"@type\":\"SearchAction\",\"target\":{\"@type\":\"EntryPoint\",\"urlTemplate\":\"https:\\\/\\\/abogadoscalipensiones.com\\\/abcp\\\/?s={search_term_string}\"},\"query-input\":{\"@type\":\"PropertyValueSpecification\",\"valueRequired\":true,\"valueName\":\"search_term_string\"}}],\"inLanguage\":\"es\"},{\"@type\":\"Organization\",\"@id\":\"https:\\\/\\\/abogadoscalipensiones.com\\\/abcp\\\/#organization\",\"name\":\"Frank Rodriguez Abogado\",\"url\":\"https:\\\/\\\/abogadoscalipensiones.com\\\/abcp\\\/\",\"logo\":{\"@type\":\"ImageObject\",\"inLanguage\":\"es\",\"@id\":\"https:\\\/\\\/abogadoscalipensiones.com\\\/abcp\\\/#\\\/schema\\\/logo\\\/image\\\/\",\"url\":\"https:\\\/\\\/abogadoscalipensiones.com\\\/abcp\\\/wp-content\\\/uploads\\\/2017\\\/01\\\/frank-rodriguez.jpg\",\"contentUrl\":\"https:\\\/\\\/abogadoscalipensiones.com\\\/abcp\\\/wp-content\\\/uploads\\\/2017\\\/01\\\/frank-rodriguez.jpg\",\"width\":622,\"height\":622,\"caption\":\"Frank Rodriguez Abogado\"},\"image\":{\"@id\":\"https:\\\/\\\/abogadoscalipensiones.com\\\/abcp\\\/#\\\/schema\\\/logo\\\/image\\\/\"}}]}<\/script>\n<!-- \/ Yoast SEO plugin. -->","yoast_head_json":{"title":"La Empresa - Abogados Cali Pensiones","robots":{"index":"index","follow":"follow","max-snippet":"max-snippet:-1","max-image-preview":"max-image-preview:large","max-video-preview":"max-video-preview:-1"},"canonical":"https:\/\/abogadoscalipensiones.com\/abcp\/la-empresa\/","og_locale":"es_ES","og_type":"article","og_title":"La Empresa - Abogados Cali Pensiones","og_description":"Mision: Somos una empresa de profesionales en el derecho orientada a satisfacer las necesidades de la comunidad\u00a0 en general\u00a0 en el \u00e1rea de\u00a0 los servicios jur\u00eddicos. Dirigimos\u00a0 nuestros objetivos al suministro de un servicio \u00e1gil, oportuno y humano, proporcionando herramientas\u00a0 que impulsen la justicia\u00a0 como sustrato\u00a0 fundamental de paz, permaneciendo comprometidos con el progreso\u00a0 econ\u00f3mico &hellip;","og_url":"https:\/\/abogadoscalipensiones.com\/abcp\/la-empresa\/","og_site_name":"Abogados Cali Pensiones","article_modified_time":"2017-02-13T00:55:43+00:00","og_image":[{"url":"http:\/\/abogadoscalipensiones.com\/abcp\/wp-content\/uploads\/2017\/01\/frank-rodriguez-150x150.jpg","type":"","width":"","height":""}],"twitter_card":"summary_large_image","twitter_misc":{"Tiempo de lectura":"1 minuto"},"schema":{"@context":"https:\/\/schema.org","@graph":[{"@type":"WebPage","@id":"https:\/\/abogadoscalipensiones.com\/abcp\/la-empresa\/","url":"https:\/\/abogadoscalipensiones.com\/abcp\/la-empresa\/","name":"La Empresa - Abogados Cali Pensiones","isPartOf":{"@id":"https:\/\/abogadoscalipensiones.com\/abcp\/#website"},"primaryImageOfPage":{"@id":"https:\/\/abogadoscalipensiones.com\/abcp\/la-empresa\/#primaryimage"},"image":{"@id":"https:\/\/abogadoscalipensiones.com\/abcp\/la-empresa\/#primaryimage"},"thumbnailUrl":"http:\/\/abogadoscalipensiones.com\/abcp\/wp-content\/uploads\/2017\/01\/frank-rodriguez-150x150.jpg","datePublished":"2017-01-18T14:52:40+00:00","dateModified":"2017-02-13T00:55:43+00:00","breadcrumb":{"@id":"https:\/\/abogadoscalipensiones.com\/abcp\/la-empresa\/#breadcrumb"},"inLanguage":"es","potentialAction":[{"@type":"ReadAction","target":["https:\/\/abogadoscalipensiones.com\/abcp\/la-empresa\/"]}]},{"@type":"ImageObject","inLanguage":"es","@id":"https:\/\/abogadoscalipensiones.com\/abcp\/la-empresa\/#primaryimage","url":"https:\/\/abogadoscalipensiones.com\/abcp\/wp-content\/uploads\/2017\/01\/frank-rodriguez.jpg","contentUrl":"https:\/\/abogadoscalipensiones.com\/abcp\/wp-content\/uploads\/2017\/01\/frank-rodriguez.jpg","width":622,"height":622},{"@type":"BreadcrumbList","@id":"https:\/\/abogadoscalipensiones.com\/abcp\/la-empresa\/#breadcrumb","itemListElement":[{"@type":"ListItem","position":1,"name":"Portada","item":"https:\/\/abogadoscalipensiones.com\/abcp\/"},{"@type":"ListItem","position":2,"name":"La Empresa"}]},{"@type":"WebSite","@id":"https:\/\/abogadoscalipensiones.com\/abcp\/#website","url":"https:\/\/abogadoscalipensiones.com\/abcp\/","name":"Abogados Cali Pensiones","description":"Especialistas en pensiones","publisher":{"@id":"https:\/\/abogadoscalipensiones.com\/abcp\/#organization"},"potentialAction":[{"@type":"SearchAction","target":{"@type":"EntryPoint","urlTemplate":"https:\/\/abogadoscalipensiones.com\/abcp\/?s={search_term_string}"},"query-input":{"@type":"PropertyValueSpecification","valueRequired":true,"valueName":"search_term_string"}}],"inLanguage":"es"},{"@type":"Organization","@id":"https:\/\/abogadoscalipensiones.com\/abcp\/#organization","name":"Frank Rodriguez Abogado","url":"https:\/\/abogadoscalipensiones.com\/abcp\/","logo":{"@type":"ImageObject","inLanguage":"es","@id":"https:\/\/abogadoscalipensiones.com\/abcp\/#\/schema\/logo\/image\/","url":"https:\/\/abogadoscalipensiones.com\/abcp\/wp-content\/uploads\/2017\/01\/frank-rodriguez.jpg","contentUrl":"https:\/\/abogadoscalipensiones.com\/abcp\/wp-content\/uploads\/2017\/01\/frank-rodriguez.jpg","width":622,"height":622,"caption":"Frank Rodriguez Abogado"},"image":{"@id":"https:\/\/abogadoscalipensiones.com\/abcp\/#\/schema\/logo\/image\/"}}]}},"_links":{"self":[{"href":"https:\/\/abogadoscalipensiones.com\/abcp\/wp-json\/wp\/v2\/pages\/67","targetHints":{"allow":["GET"]}}],"collection":[{"href":"https:\/\/abogadoscalipensiones.com\/abcp\/wp-json\/wp\/v2\/pages"}],"about":[{"href":"https:\/\/abogadoscalipensiones.com\/abcp\/wp-json\/wp\/v2\/types\/page"}],"author":[{"embeddable":true,"href":"https:\/\/abogadoscalipensiones.com\/abcp\/wp-json\/wp\/v2\/users\/1"}],"replies":[{"embeddable":true,"href":"https:\/\/abogadoscalipensiones.com\/abcp\/wp-json\/wp\/v2\/comments?post=67"}],"version-history":[{"count":16,"href":"https:\/\/abogadoscalipensiones.com\/abcp\/wp-json\/wp\/v2\/pages\/67\/revisions"}],"predecessor-version":[{"id":142,"href":"https:\/\/abogadoscalipensiones.com\/abcp\/wp-json\/wp\/v2\/pages\/67\/revisions\/142"}],"wp:attachment":[{"href":"https:\/\/abogadoscalipensiones.com\/abcp\/wp-json\/wp\/v2\/media?parent=67"}],"curies":[{"name":"wp","href":"https:\/\/api.w.org\/{rel}","templated":true}]}}